ose k = 3*k + 52. Let j be 9*5 - (-4)/(-2). Let r = j + k. What is the tens digit of r?
1
What is the thousands digit of 66/(((-3968)/(-488))/4 + -2)?
2
What is the hundreds digit of 14*-3*((-85)/15 - 7)?
5
Let t(z) = -12*z + 35. What is the units digit of t(-8)?
1
Suppose 0 = n + 5, -5 = p - 0*p + 2*n. Suppose 0 = s - p*s + 268. What is the tens digit of s?
6
Suppose 5085 = 39*o - 35*o - d, -3*d = -3*o + 3825. What is the tens digit of o?
7
Suppose -4*n - 13 = -5*l, -l + 8 = l - 3*n. Let j(z) = -z**3. Let w be j(l). What is the units digit of ((-2)/(-6))/(w/(-42))?
4
Let c be ((-6)/10)/3 - (-297)/135. What is the units digit of 163 - c*4/(-8)?
4
Suppose -3*m + 0*m - v + 33 = 0, 0 = 3*m + 3*v - 27. Let t be 2*m/(-8)*-2. Suppose -10*x + 88 = -t*x. What is the units digit of x?
2
Let r be 12*3*(-3)/(-27). Suppose 0 = r*k - 3*k - 10. Let a = 15 + k. What is the tens digit of a?
2
Suppose 9 = -y - 4*l, -3*y = 2*l + 2*l - 5. Let s be y/(-1)*(-9)/3. What is the units digit of 0 + -2 + s + 0?
9
Let q be (1 - 2)*31*-1. Let d = q + -29. Suppose 3*j = -2*o + 121, 3*j - d*o - 22 = 91. What is the units digit of j?
9
Let o = 2428 + -1381. What is the tens digit of o?
4
Let q(m) = -2*m + 3*m + 2*m - 12. Let h be q(6). Let o(i) = 2*i**2 - 8*i + 4. What is the units digit of o(h)?
8
Let n(h) be the third derivative of h**6/120 - h**5/20 - h**4/4 - 5*h**3/6 + h**2. Let y be 2*(1 - 12/(-8)). What is the tens digit of n(y)?
1
Suppose -5*x + 10*x - 5*z = 3185, 1267 = 2*x + 5*z. Suppose 5*u = 2*s + x, -3*u + 382 = 3*s - 4*s. What is the units digit of u?
8
What is the hundreds digit of -10*(-25431)/(-490)*(-4)/3?
6
Let c = -366 - -843. What is the tens digit of c?
7
Suppose -3*w = 6, 0 = 5*o + 4*w - 21 - 41. Let u be o/(-3) + (-10)/(-15). What is the tens digit of 74/(6/(u + 7))?
3
Let a = 107 - 104. Suppose 0 = 5*m - 2*b + 51 - 311, 104 = 2*m - a*b. What is the units digit of m?
2
Let c(v) = -32*v - 6. Let j(s) = 1. Let o(b) = -c(b) - 3*j(b). What is the hundreds digit of o(8)?
2
Let k = -494 + 732. What is the tens digit of k?
3
Let k = -9 + 12. Let v(g) = -2*g**2 + 9*g - 3*g + 7 + k*g**2. What is the units digit of v(-8)?
3
Let t(d) = -69*d - 104. What is the units digit of t(-9)?
7
Let i(w) = -496*w + 8. What is the units digit of i(-1)?
4
Suppose 0 = -9*v + 10*v + 51. What is the tens digit of -2*2*v/12?
1
Let g(d) = 7*d**2 - 9*d + 6. Let a be g(6). Suppose -76 = -j - 4*c - 19, -a = -3*j - c. Let x = j + 4. What is the tens digit of x?
7
Let p(a) = a**3 - 5*a**2 - 3*a + 14. What is the units digit of p(7)?
1
Suppose 3*q - 1576 = 317. What is the tens digit of q?
3
Let m(f) = 7*f**2 - 1. Let y be m(1). Let p(t) = -t**3 + 7*t**2 - 7*t + 6. Let c be p(y). Suppose c = -s + 4*s - 84. What is the units digit of s?
8
Let i(s) = s**2 + 10*s + 26. What is the units digit of i(-4)?
2
Let w(j) = -18*j**3 + j**2 - 2*j + 1. Let u be w(1). Let d = 55 + u. What is the tens digit of d?
3
Let g(s) = -3*s**2 - 11*s + 8. Let z(q) = q**2 - 8*q + 7. Let x be z(5). Let v be g(x). Let m = -57 - v. What is the units digit of m?
9
Let m = -1544 + 2584. Suppose -101 + 362 = r - 2*n, 4*n = 4*r - m. What is the tens digit of r?
5
Let u(s) = -117*s**3 + s. Let f be u(1). Let h = f - -83. What is the units digit of (-3)/(102/h - -3)?
3
Suppose -d - 2 - 1 = -2*a, 5*d = -5*a. Suppose 3*q = -a + 7. What is the tens digit of (-98)/(-4) - (-1)/q?
2
Let v(q) = -q**3 - 5*q**2 + 5*q - 5. Let u be v(-6). Suppose 3*w - u = 8. Let h(a) = a**3 + 3*a**2 - 3*a + 4. What is the units digit of h(w)?
9
Suppose o - 9 = -6. Suppose -k = -m + o*k + 43, 2*k = m - 53. What is the units digit of m?
3
Let c be (25/(-3))/(8/24). Let g = c + 35. What is the tens digit of ((-84)/g)/(2/(-5))?
2
Let p be -4*(1 + -1 + 1). Let g(d) = 33*d - 4. Let f be g(p). What is the units digit of (f/16)/(1/(-2))?
7
What is the units digit of (-8)/(-4)*((-2555)/(-10) + -4)?
3
Let f = -5 - -7. Suppose f*c + 0*w = 5*w + 47, 26 = c - 5*w. What is the units digit of c?
1
Suppose -909 = -3*d + u - 152, -5*u = 2*d - 482. What is the units digit of d?
1
Suppose 0 = 3*t + 4*s - 4, 4*t - 2*s = s - 3. Suppose y + 4*p = -p + 23, t = -5*y - p + 139. What is the units digit of y?
8
Let d(i) = -i**2 + 4*i - 28. Let s be d(-20). Let h = -356 - s. What is the units digit of h?
2
Let y be ((-124)/(-3))/(0 + (-6)/27). Let o = -90 - y. What is the units digit of o?
6
What is the units digit of 70/4*(7024/28 + 8)?
0
Let a be 12/21 + 8/(-14). Suppose 0 = -2*k - a*k. Suppose k = 2*m - 122 + 32. What is the units digit of m?
5
What is the hundreds digit of (-39 + 33)*(-3098)/12?
5
Suppose -41 - 7 = -3*c. Suppose -28 = 10*o + 12. What is the units digit of (-1)/o + 236/c?
5
Let s = 391 - 10. What is the hundreds digit of s?
3
Suppose 4*m + 2 = 6, 4*z = -2*m + 10. Suppose 2*r = -z*r + 128. Let q = r - 5. What is the units digit of q?
7
Suppose 21 = -11*o + 18*o. Suppose -v - 245 = -2*x - 3*x, -o*x - 5*v = -175. What is the units digit of x?
0
Suppose 0 = -18*j + 226 + 3212. What is the tens digit of j?
9
Suppose -144 = -24*b + 3912. What is the tens digit of b?
6
Suppose -35*p + 24314 = -24231. What is the units digit of p?
7
Let m be ((-15)/(-6))/1*22. Suppose -4*h = -4*y + 28, -4*y - 21 + m = -2*h. What is the units digit of y?
0
Suppose 2*u - 13 = -4*a - 49, 0 = -5*a - u - 42. What is the tens digit of 214*(-2)/(-4) - a/4?
0
What is the units digit of (-20)/48*-3 + 153790/104?
0
Suppose -54*x + 55*x - 493 = 0. What is the units digit of x?
3
Let o(w) = 9*w**2 - w + 2. Let b be o(4). Suppose 16*i - 14*i - b = 0. What is the units digit of i?
1
Let z = 4934 + -2547. What is the tens digit of z?
8
Suppose 2*z - 4 = 3*z. Suppose 4*c + 8 = -24. Let l = z - c. What is the units digit of l?
4
Let n be (-6)/(-2 - (-1)/2). Suppose 0 = n*k - 5*k + 61. What is the tens digit of k?
6
Let u(j) = j**3 + 9*j**2 - j - 2. Let v be u(-9). Suppose -45 = -r - v. What is the tens digit of r?
3
Let l(z) = 2*z**3 - 13*z**2 + 16*z - 3. What is the tens digit of l(8)?
1
Let g(y) = y**2 - 7*y - 2. What is the units digit of g(-7)?
6
Let b(n) = n**2 - 3*n - 63. What is the tens digit of b(-23)?
3
Let i be -1 + 1 - 3/(-1). Suppose -2*z = -5*u + 21, 0 = -i*u - 2*z - 1 + 4. Suppose 0 = w - u*w + 30. What is the tens digit of w?
1
Suppose -q = -3*z - 1 + 7, -4*z = 3*q + 70. Let y = q + 110. What is the units digit of y?
2
Suppose -5*l + l + 48 = 0. Suppose 4*c = x - l, 5*x + c = -0 - 3. Let n(u) = u**2 + 22. What is the units digit of n(x)?
2
Let m(o) = 17*o + 2 - o**2 - 14 - 3*o. What is the tens digit of m(12)?
1
Suppose -4*b + 50 = 3*j - 6*j, 0 = -j + 5*b - 24. Let c = 76 + j. What is the units digit of c?
2
Let g(s) = -s**2 + 12*s + 23. Let r be g(13). Suppose 2*w - 48 = -2*w. What is the units digit of w/r*450/27?
0
Suppose -m - 3*m - 12 = -5*s, 0 = s + 4*m + 12. Suppose -2*n - 4*a + 139 = -a, -2*a + 2 = s. What is the units digit of n?
8
Suppose -8 = -4*u + 4*m, 0*u - 5*u + 2*m = -16. Suppose u*f - 151 = -7. What is the units digit of f?
6
Let t(p) = 8*p**2 - 2*p. Let q be t(1). Suppose 2*b + 173 = 5*m, 5 = -b + q*b. What is the units digit of m?
5
Suppose -4*p + 31 + 29 = 0. Suppose -p - 5 = -5*r, 0 = -4*l - 2*r + 60. Let t = 22 + l. What is the units digit of t?
5
Let t = 24 - 11. Suppose -t*b + 10*b + 306 = 0. What is the units digit of b?
2
Let y be (1/2)/(2/(-40)). Let a be 15*(0 - (-4)/6). Let j = a - y. What is the units digit of j?
0
Let z = -22 + 38. Let b = z - 14. Suppose q - 17 = -2*p, -3*q - b*p + 12 = -43. What is the units digit of q?
9
Let g(z) = 36*z**2 + 43*z - 1. What is the thousands digit of g(-6)?
1
Let v = 16 + -13. Suppose v*h - 15 = 3. What is the units digit of 2/(1*h/51)?
7
Suppose 20 = -4*m + 52. Suppose m*o = 232 + 96. What is the tens digit of o?
4
Suppose 2*p = s - 494, 477 + 20 = s - p. What is the hundreds digit of s?
5
What is the units digit of 6/12 - 945/(-6)?
8
Let q be 1/1 + (34 - -3). Suppose 0 = 3*g + r - 134, -g - 5*r + 2 = -q. What is the units digit of g?
5
Suppose 1986 = -6*h + 10122. What is the tens digit of h?
5
Suppose -4*v + 3*i = 227 - 827, 0 = -v + 2*i + 145. Suppose 0 = -5*b + v + 117. What is the tens digit of b?
5
Let r be ((-286)/(-11))/(1 - 0). Let n = 67 - r. What is the tens digit of n?
4
Let u = -154 + 237. Suppos